{"id":42,"date":"2011-06-16T13:46:22","date_gmt":"2011-06-16T13:46:22","guid":{"rendered":"http:\/\/www.verbund-frauenfacheinrichtungen-kiel.de\/?page_id=42"},"modified":"2026-03-17T15:24:13","modified_gmt":"2026-03-17T14:24:13","slug":"tio-treff-und-informationsangebot-fur-migrantinnen","status":"publish","type":"page","link":"https:\/\/www.verbund-frauenfacheinrichtungen-kiel.de\/?page_id=42","title":{"rendered":"TIO &#8211; Treff- und Informationsort f\u00fcr Migrantinnen (M\u00e4dchen und Frauen) e.V."},"content":{"rendered":"<p><a href=\"http:\/\/www.tio-kiel.org\" target=\"_blank\" rel=\"noopener\"><img loading=\"lazy\" decoding=\"async\" class=\"alignright size-full wp-image-159\" style=\"border: 0pt none;\" title=\"Treff- und Informationsort f\u00fcr Migrantinnen (M\u00e4dchen und Frauen) e.V.\" src=\"https:\/\/www.verbund-frauenfacheinrichtungen-kiel.de\/wp-content\/uploads\/2011\/06\/tio.jpg\" alt=\"Treff- und Informationsort f\u00fcr Migrantinnen (M\u00e4dchen und Frauen) e.V.\" width=\"163\" height=\"156\" \/><\/a>D\u00e4nische Stra\u00dfe 3-5<br \/>\n24103 Kiel<br \/>\nTel \/ Fax: 0431 671778<br \/>\n<a href=\"mailto:mig@tio-kiel.de\">mig@tio-kiel.de<\/a><br \/>\n<a href=\"http:\/\/www.tio-kiel.de\">www.tio-kiel.de<\/a><\/p>\n<p>TIO ist ein Zusammenschluss von und f\u00fcr in Deutschland lebende Migrantinnen aus unterschiedlichen Herkunftsl\u00e4ndern.<\/p>\n<p>TIO bietet kostenlose, anonyme pers\u00f6nliche und telefonische Beratung\/Unterst\u00fctzung f\u00fcr Migrantinnen in schwierigen Migrationsprozessen und Lebenssituationen an bei<\/p>\n<ul>\n<li>H\u00e4uslicher Gewalt\/ Zwangsverheiratung<\/li>\n<li>Trennung\/ Scheidung<\/li>\n<li>pers\u00f6nlichen und famili\u00e4ren Problemen<\/li>\n<li>sozial-, aufenthaltsrechtlichen und Asylverfahrensfragen<\/li>\n<li>Unterst\u00fctzung bei Amtsangelegenheiten<\/li>\n<li>Kontaktaufnahme zu \u00c4rztInnen und Rechtsanw\u00e4ltInnen<\/li>\n<\/ul>\n<h3>Weitere Angebote<\/h3>\n<ul>\n<li>Integrationskurse (Deutschkurse) aller Zertifikatsstufen bis B1 mit Kinderbetreuung<\/li>\n<li>Eingliederungsma\u00dfnahmen nach SGB II<\/li>\n<li>Berufliche Orientierung und Qualifizierung<\/li>\n<li>Psychosoziale Betreuung nach \u00a716 (2) Ziffer 3 SGB II<\/li>\n<li>Vermittlung von DolmetscherInnen<\/li>\n<li>\u00d6ffentlichkeitsarbeit<\/li>\n<li>Frauenfr\u00fchst\u00fcck jeden Mittwoch von 9.30-12.30 Uhr<\/li>\n<\/ul>\n<h3>Beratungssprachen<\/h3>\n<p>Deutsch, Armenisch, Englisch, Kurdisch, Polnisch, Russisch, Polnisch und Usbekisch.<\/p>\n<h3>Telefonzeiten<\/h3>\n<p>Mittwoch und Freitag: 10.00 -13.00 Uhr<\/p>\n<h3>Der Verein ist Mitglied im<\/h3>\n<ul>\n<li>Parit\u00e4tischen Wohlfahrtsverband Schleswig-Holstein<\/li>\n<\/ul>\n","protected":false},"excerpt":{"rendered":"<p>D\u00e4nische Stra\u00dfe 3-5 24103 Kiel Tel \/ Fax: 0431 671778 mig@tio-kiel.de www.tio-kiel.de TIO ist ein Zusammenschluss von und f\u00fcr in Deutschland lebende Migrantinnen aus unterschiedlichen Herkunftsl\u00e4ndern. TIO bietet kostenlose, anonyme pers\u00f6nliche und telefonische Beratung\/Unterst\u00fctzung f\u00fcr Migrantinnen in schwierigen Migrationsprozessen und &hellip; <a href=\"https:\/\/www.verbund-frauenfacheinrichtungen-kiel.de\/?page_id=42\">Weiterlesen <span class=\"meta-nav\">&rarr;<\/span><\/a><\/p>\n","protected":false},"author":1,"featured_media":0,"parent":2,"menu_order":10,"comment_status":"closed","ping_status":"closed","template":"","meta":{"footnotes":""},"class_list":["post-42","page","type-page","status-publish","hentry"],"_links":{"self":[{"href":"https:\/\/www.verbund-frauenfacheinrichtungen-kiel.de\/index.php?rest_route=\/wp\/v2\/pages\/42","targetHints":{"allow":["GET"]}}],"collection":[{"href":"https:\/\/www.verbund-frauenfacheinrichtungen-kiel.de\/index.php?rest_route=\/wp\/v2\/pages"}],"about":[{"href":"https:\/\/www.verbund-frauenfacheinrichtungen-kiel.de\/index.php?rest_route=\/wp\/v2\/types\/page"}],"author":[{"embeddable":true,"href":"https:\/\/www.verbund-frauenfacheinrichtungen-kiel.de\/index.php?rest_route=\/wp\/v2\/users\/1"}],"replies":[{"embeddable":true,"href":"https:\/\/www.verbund-frauenfacheinrichtungen-kiel.de\/index.php?rest_route=%2Fwp%2Fv2%2Fcomments&post=42"}],"version-history":[{"count":14,"href":"https:\/\/www.verbund-frauenfacheinrichtungen-kiel.de\/index.php?rest_route=\/wp\/v2\/pages\/42\/revisions"}],"predecessor-version":[{"id":873,"href":"https:\/\/www.verbund-frauenfacheinrichtungen-kiel.de\/index.php?rest_route=\/wp\/v2\/pages\/42\/revisions\/873"}],"up":[{"embeddable":true,"href":"https:\/\/www.verbund-frauenfacheinrichtungen-kiel.de\/index.php?rest_route=\/wp\/v2\/pages\/2"}],"wp:attachment":[{"href":"https:\/\/www.verbund-frauenfacheinrichtungen-kiel.de\/index.php?rest_route=%2Fwp%2Fv2%2Fmedia&parent=42"}],"curies":[{"name":"wp","href":"https:\/\/api.w.org\/{rel}","templated":true}]}}