{"id":33,"date":"2011-06-16T13:38:35","date_gmt":"2011-06-16T13:38:35","guid":{"rendered":"http:\/\/www.verbund-frauenfacheinrichtungen-kiel.de\/?page_id=33"},"modified":"2022-04-22T15:11:21","modified_gmt":"2022-04-22T13:11:21","slug":"lotta-madchenhaus","status":"publish","type":"page","link":"https:\/\/www.verbund-frauenfacheinrichtungen-kiel.de\/?page_id=33","title":{"rendered":"Autonomes M\u00e4dchenhaus Kiel"},"content":{"rendered":"\n<div class=\"wp-block-image\"><figure class=\"alignright\"><a href=\"http:\/\/www.maedchenhaus-kiel.de\/\" target=\"_blank\" rel=\"noopener noreferrer\"><img loading=\"lazy\" decoding=\"async\" width=\"150\" height=\"181\" src=\"https:\/\/www.verbund-frauenfacheinrichtungen-kiel.de\/wp-content\/uploads\/2011\/06\/maedchenhaus_kiel.jpg\" alt=\"Autonomes M\u00e4dchenhaus Kiel Lotta e.V.\" class=\"wp-image-136\" title=\"Autonomes M\u00e4dchenhaus Kiel Lotta e.V.\"\/><\/a><\/figure><\/div>\n\n\n\n<p>Autonomes M\u00e4dchenhaus Kiel \/ Lotta e.V.<br>Holtenauer Str. 127<br>24118 Kiel<\/p>\n\n\n\n<p><strong>Anlauf- und Beratungsstelle<\/strong><br>Holtenauer Str. 127<br>24118 Kiel<br>Tel.: 0431\/8058881<br>Fax: 0431\/8058883<\/p>\n\n\n\n<p><strong>Zufluchtsst\u00e4tte<\/strong><br>Tel.: 0431\/642069 (Tag und Nacht erreichbar)<\/p>\n\n\n\n<p><strong>Wohn- und Verselbst\u00e4ndigungsgruppe<\/strong><br>Tel.: 0431\/8058881<\/p>\n\n\n\n<p><strong>Flexible Hilfen<\/strong><br>Tel.: 0431\/8058881<\/p>\n\n\n\n<p><strong>Gesch\u00e4ftsstelle<\/strong><br>Tel.: 0431\/8058882<br>Fax: 0431\/8058883<\/p>\n\n\n\n<p>E-Mail: <a href=\"mailto:kontakt@maedchenhaus-kiel.de\">kontakt@maedchenhaus-kiel.de<\/a><br>Internet: <a title=\"M\u00e4dchenhaus Kiel\" href=\"https:\/\/www.maedchenhaus-kiel.de\/\" target=\"_blank\" rel=\"noopener noreferrer\">www.maedchenhaus-kiel.de<\/a><\/p>\n\n\n\n<h3 class=\"wp-block-heading\">Beratung und Hilfe f\u00fcr M\u00e4dchen* und junge Frauen* in Not und ihre Unterst\u00fctzer*innen<\/h3>\n\n\n\n<p>Es gibt viele Gr\u00fcnde, sich Hilfe und Unterst\u00fctzung zu holen.<br>Das M\u00e4dchenhaus kann Dich beraten und Dich dabei unterst\u00fctzen etwas an deiner Situation zu ver\u00e4ndern. Alle Gespr\u00e4che werden vertraulich behandelt.<\/p>\n\n\n\n<p>Unser Jugendhilfeangebot richtet sich an M\u00e4dchen* und junge Frauen*, die von psychischer, physischer und\/oder sexualisierter Gewalt bedroht oder betroffen sind oder die sich in einer anderen Notlage befinden.<\/p>\n\n\n\n<h3 class=\"wp-block-heading\">Die Angebot des Autonomen M\u00e4dchenhauses<\/h3>\n\n\n\n<ul class=\"wp-block-list\"><li><strong>Anlauf- und Beratungsstelle<\/strong>: Information, Beratung, Unterst\u00fctzung und Begleitung f\u00fcr rat- und hilfesuchende M\u00e4dchen* und jg. Frauen* von 12 \u2013 27 Jahren, die ihre Lebenssituation reflektieren wollen, Wege der Ver\u00e4nderung suchen, in Not sind oder einen anderen Beratungs- \/ Unterst\u00fctzungsbedarf haben<\/li><li><strong>Zufluchtst\u00e4tte<\/strong>: Inobhutnahme \/ Krisenunterbringung f\u00fcr M\u00e4dchen* und junge Frauen* im Alter von 13 \u2013 20 Jahren, die Schutz und eine vor\u00fcbergehende Wohnm\u00f6glichkeit ben\u00f6tigen, um ihre belastenden Lebenssituationen zu verlassen und mit Unterst\u00fctzung Wege der Ver\u00e4nderung gehen zu k\u00f6nnen.<\/li><li><strong>Wohn- und Verselbst\u00e4ndigungsgruppe<\/strong>: Station\u00e4res Wohngruppenangebot f\u00fcr M\u00e4dchen* und jg. Frauen* (15 \u2013 20 J.), die \u00fcbergangsweise intensivere Begleitung und Unterst\u00fctzung auf ihrem Weg in die Selbst\u00e4ndigkeit ben\u00f6tigen.<\/li><li><strong>Flexible Hilfen<\/strong>: Flexibles, ambulantes Betreuungs- und Unterst\u00fctzungsangebot in Form von z.B. betreutem (Einzel-) Wohnen oder Betreuung im Lebensumfeld des M\u00e4dchen*s \/ der jg. Frau*.<\/li><\/ul>\n\n\n\n<h3 class=\"wp-block-heading\">Weitere Angebote des M\u00e4dchenhauses sind<\/h3>\n\n\n\n<ul class=\"wp-block-list\"><li>Unterst\u00fctzung von Vertrauenspersonen, sowie professionellen Helfer*innen, die Beratung suchen<\/li><li>Informations- und Pr\u00e4ventionsangebote f\u00fcr interessierte Gruppen<\/li><li>\u00d6ffentlichkeitsarbeit<\/li><li>Fortbildungsveranstaltungen f\u00fcr die (Fach-) \u00d6ffentlichkeit<\/li><\/ul>\n\n\n\n<p>Tr\u00e4ger des Autonomen M\u00e4dchenhauses ist <a href=\"https:\/\/www.lotta-verein.de\/\">Lotta e.V.<\/a>, Verein zur F\u00f6rderung feministischer M\u00e4dchen- und Frauenarbeit. Lotta e.V. ist Mitglied im Parit\u00e4tischen Wohlfahrtsverband Schleswig-Holstein.<\/p>\n","protected":false},"excerpt":{"rendered":"<p>Autonomes M\u00e4dchenhaus Kiel \/ Lotta e.V.Holtenauer Str. 12724118 Kiel Anlauf- und BeratungsstelleHoltenauer Str. 12724118 KielTel.: 0431\/8058881Fax: 0431\/8058883 Zufluchtsst\u00e4tteTel.: 0431\/642069 (Tag und Nacht erreichbar) Wohn- und Verselbst\u00e4ndigungsgruppeTel.: 0431\/8058881 Flexible HilfenTel.: 0431\/8058881 Gesch\u00e4ftsstelleTel.: 0431\/8058882Fax: 0431\/8058883 E-Mail: kontakt@maedchenhaus-kiel.deInternet: www.maedchenhaus-kiel.de Beratung und Hilfe f\u00fcr &hellip; <a href=\"https:\/\/www.verbund-frauenfacheinrichtungen-kiel.de\/?page_id=33\">Weiterlesen <span class=\"meta-nav\">&rarr;<\/span><\/a><\/p>\n","protected":false},"author":1,"featured_media":0,"parent":2,"menu_order":8,"comment_status":"closed","ping_status":"closed","template":"","meta":{"footnotes":""},"class_list":["post-33","page","type-page","status-publish","hentry"],"_links":{"self":[{"href":"https:\/\/www.verbund-frauenfacheinrichtungen-kiel.de\/index.php?rest_route=\/wp\/v2\/pages\/33","targetHints":{"allow":["GET"]}}],"collection":[{"href":"https:\/\/www.verbund-frauenfacheinrichtungen-kiel.de\/index.php?rest_route=\/wp\/v2\/pages"}],"about":[{"href":"https:\/\/www.verbund-frauenfacheinrichtungen-kiel.de\/index.php?rest_route=\/wp\/v2\/types\/page"}],"author":[{"embeddable":true,"href":"https:\/\/www.verbund-frauenfacheinrichtungen-kiel.de\/index.php?rest_route=\/wp\/v2\/users\/1"}],"replies":[{"embeddable":true,"href":"https:\/\/www.verbund-frauenfacheinrichtungen-kiel.de\/index.php?rest_route=%2Fwp%2Fv2%2Fcomments&post=33"}],"version-history":[{"count":21,"href":"https:\/\/www.verbund-frauenfacheinrichtungen-kiel.de\/index.php?rest_route=\/wp\/v2\/pages\/33\/revisions"}],"predecessor-version":[{"id":780,"href":"https:\/\/www.verbund-frauenfacheinrichtungen-kiel.de\/index.php?rest_route=\/wp\/v2\/pages\/33\/revisions\/780"}],"up":[{"embeddable":true,"href":"https:\/\/www.verbund-frauenfacheinrichtungen-kiel.de\/index.php?rest_route=\/wp\/v2\/pages\/2"}],"wp:attachment":[{"href":"https:\/\/www.verbund-frauenfacheinrichtungen-kiel.de\/index.php?rest_route=%2Fwp%2Fv2%2Fmedia&parent=33"}],"curies":[{"name":"wp","href":"https:\/\/api.w.org\/{rel}","templated":true}]}}